{"id":414,"date":"2021-09-01T11:00:09","date_gmt":"2021-09-01T11:00:09","guid":{"rendered":"https:\/\/wp1.efforttech.com\/newwp\/nitech\/?page_id=414"},"modified":"2022-05-04T11:05:31","modified_gmt":"2022-05-04T11:05:31","slug":"projets","status":"publish","type":"page","link":"https:\/\/www.tech-innosoft.com\/index.php\/projets\/","title":{"rendered":"Projets"},"content":{"rendered":"\t\t<div data-elementor-type=\"wp-page\" data-elementor-id=\"414\" class=\"elementor elementor-414\">\n\t\t\t\t\t\t\t\t\t<section class=\"elementor-section elementor-top-section elementor-element elementor-element-a87c276 elementor-section-full_width elementor-section-height-default elementor-section-height-default\" data-id=\"a87c276\" data-element_type=\"section\">\n\t\t\t\t\t\t<div class=\"elementor-container elementor-column-gap-default\">\n\t\t\t\t\t<div class=\"elementor-column elementor-col-100 elementor-top-column elementor-element elementor-element-54c8637\" data-id=\"54c8637\" data-element_type=\"column\">\n\t\t\t<div class=\"elementor-widget-wrap elementor-element-populated\">\n\t\t\t\t\t\t\t\t<div class=\"elementor-element elementor-element-e11b9ac elementor-widget elementor-widget-nitech_our_projects_v5\" data-id=\"e11b9ac\" data-element_type=\"widget\" data-widget_type=\"nitech_our_projects_v5.default\">\n\t\t\t\t<div class=\"elementor-widget-container\">\n\t\t\t         \n\t\t<!-- Projects Section Two -->\n        <section class=\"projects-section-two\" id=\"projects\">\n                        <div class=\"auto-container\">\n                                <!-- Sec Title \/ Style Three -->\n                <div class=\"sec-title style-three centered\">\n                    <div class=\"title\">Nos projets<\/div>                    <h2>Les diff\u00e9rents projets web r\u00e9alis\u00e9s par Tech-innoSoft SARL<\/h2>                <\/div>\n                                <div class=\"masonry-items-container row clearfix\">\n                    \t\t\t\t\t<!-- Project Block Three -->\n                    <div class=\"project-block-three masonry-item col-lg-4 col-md-6 col-sm-12\">\n                        <div class=\"inner-box\">\n                            <figure class=\"image-box\">\n                                <img loading=\"lazy\" decoding=\"async\" width=\"370\" height=\"270\" src=\"https:\/\/www.tech-innosoft.com\/wp-content\/uploads\/2022\/04\/easyschool-370x270.jpg\" class=\"attachment-nitech_370x270 size-nitech_370x270 wp-post-image\" alt=\"\" \/>                                <div class=\"overlay-content\">\n                                    <div class=\"content-inner\">\n                                        <h5>EasySchool<\/h5>\n                                        <div class=\"designation\">Projet web<\/div>\n                                        <div class=\"plus fa fa-plus\"><\/div>\n                                    <\/div>\n                                <\/div>\n                                <!-- Overlay Box -->\n                                <div class=\"overlay-box\">\n                                    <div class=\"overlay-inner\">\n                                        <div class=\"content\">\n                                            <a href=\"https:\/\/www.tech-innosoft.com\/index.php\/project\/easyschool\/\" class=\"link\"><span class=\"icon flaticon-link\"><\/span><\/a>\n                                            <h4><a href=\"https:\/\/www.tech-innosoft.com\/index.php\/project\/easyschool\/\">EasySchool<\/a><\/h4>\n                                            <div class=\"category\">Projet web<\/div>\n                                        <\/div>\n                                    <\/div>\n                                <\/div>\n                            <\/figure>\n                        <\/div>\n                    <\/div>\n                    \t\t\t\t\t<!-- Project Block Three -->\n                    <div class=\"project-block-three masonry-item col-lg-4 col-md-6 col-sm-12\">\n                        <div class=\"inner-box\">\n                            <figure class=\"image-box\">\n                                <img loading=\"lazy\" decoding=\"async\" width=\"370\" height=\"270\" src=\"https:\/\/www.tech-innosoft.com\/wp-content\/uploads\/2022\/04\/aca-370x270.jpg\" class=\"attachment-nitech_370x270 size-nitech_370x270 wp-post-image\" alt=\"\" \/>                                <div class=\"overlay-content\">\n                                    <div class=\"content-inner\">\n                                        <h5>Academia<\/h5>\n                                        <div class=\"designation\">Projet web<\/div>\n                                        <div class=\"plus fa fa-plus\"><\/div>\n                                    <\/div>\n                                <\/div>\n                                <!-- Overlay Box -->\n                                <div class=\"overlay-box\">\n                                    <div class=\"overlay-inner\">\n                                        <div class=\"content\">\n                                            <a href=\"https:\/\/www.tech-innosoft.com\/index.php\/project\/academia\/\" class=\"link\"><span class=\"icon flaticon-link\"><\/span><\/a>\n                                            <h4><a href=\"https:\/\/www.tech-innosoft.com\/index.php\/project\/academia\/\">Academia<\/a><\/h4>\n                                            <div class=\"category\">Projet web<\/div>\n                                        <\/div>\n                                    <\/div>\n                                <\/div>\n                            <\/figure>\n                        <\/div>\n                    <\/div>\n                    \t\t\t\t\t<!-- Project Block Three -->\n                    <div class=\"project-block-three masonry-item col-lg-4 col-md-6 col-sm-12\">\n                        <div class=\"inner-box\">\n                            <figure class=\"image-box\">\n                                <img loading=\"lazy\" decoding=\"async\" width=\"370\" height=\"270\" src=\"https:\/\/www.tech-innosoft.com\/wp-content\/uploads\/2022\/04\/stock-ok-1-370x270.png\" class=\"attachment-nitech_370x270 size-nitech_370x270 wp-post-image\" alt=\"\" \/>                                <div class=\"overlay-content\">\n                                    <div class=\"content-inner\">\n                                        <h5>Stockcheck<\/h5>\n                                        <div class=\"designation\">Projet web<\/div>\n                                        <div class=\"plus fa fa-plus\"><\/div>\n                                    <\/div>\n                                <\/div>\n                                <!-- Overlay Box -->\n                                <div class=\"overlay-box\">\n                                    <div class=\"overlay-inner\">\n                                        <div class=\"content\">\n                                            <a href=\"https:\/\/www.tech-innosoft.com\/index.php\/project\/stockcheck\/\" class=\"link\"><span class=\"icon flaticon-link\"><\/span><\/a>\n                                            <h4><a href=\"https:\/\/www.tech-innosoft.com\/index.php\/project\/stockcheck\/\">Stockcheck<\/a><\/h4>\n                                            <div class=\"category\">Projet web<\/div>\n                                        <\/div>\n                                    <\/div>\n                                <\/div>\n                            <\/figure>\n                        <\/div>\n                    <\/div>\n                    \t\t\t\t\t<!-- Project Block Three -->\n                    <div class=\"project-block-three masonry-item col-lg-4 col-md-6 col-sm-12\">\n                        <div class=\"inner-box\">\n                            <figure class=\"image-box\">\n                                <img loading=\"lazy\" decoding=\"async\" width=\"370\" height=\"270\" src=\"https:\/\/www.tech-innosoft.com\/wp-content\/uploads\/2022\/04\/hotel-370x270.jpg\" class=\"attachment-nitech_370x270 size-nitech_370x270 wp-post-image\" alt=\"\" \/>                                <div class=\"overlay-content\">\n                                    <div class=\"content-inner\">\n                                        <h5>HotelManager<\/h5>\n                                        <div class=\"designation\">Projet web<\/div>\n                                        <div class=\"plus fa fa-plus\"><\/div>\n                                    <\/div>\n                                <\/div>\n                                <!-- Overlay Box -->\n                                <div class=\"overlay-box\">\n                                    <div class=\"overlay-inner\">\n                                        <div class=\"content\">\n                                            <a href=\"https:\/\/www.tech-innosoft.com\/index.php\/project\/hotelmanager\/\" class=\"link\"><span class=\"icon flaticon-link\"><\/span><\/a>\n                                            <h4><a href=\"https:\/\/www.tech-innosoft.com\/index.php\/project\/hotelmanager\/\">HotelManager<\/a><\/h4>\n                                            <div class=\"category\">Projet web<\/div>\n                                        <\/div>\n                                    <\/div>\n                                <\/div>\n                            <\/figure>\n                        <\/div>\n                    <\/div>\n                    \t\t\t\t\t<!-- Project Block Three -->\n                    <div class=\"project-block-three masonry-item col-lg-4 col-md-6 col-sm-12\">\n                        <div class=\"inner-box\">\n                            <figure class=\"image-box\">\n                                <img loading=\"lazy\" decoding=\"async\" width=\"370\" height=\"270\" src=\"https:\/\/www.tech-innosoft.com\/wp-content\/uploads\/2022\/04\/gescom-370x270.png\" class=\"attachment-nitech_370x270 size-nitech_370x270 wp-post-image\" alt=\"\" \/>                                <div class=\"overlay-content\">\n                                    <div class=\"content-inner\">\n                                        <h5>Gescom<\/h5>\n                                        <div class=\"designation\">Projet web<\/div>\n                                        <div class=\"plus fa fa-plus\"><\/div>\n                                    <\/div>\n                                <\/div>\n                                <!-- Overlay Box -->\n                                <div class=\"overlay-box\">\n                                    <div class=\"overlay-inner\">\n                                        <div class=\"content\">\n                                            <a href=\"https:\/\/www.tech-innosoft.com\/index.php\/project\/gescom\/\" class=\"link\"><span class=\"icon flaticon-link\"><\/span><\/a>\n                                            <h4><a href=\"https:\/\/www.tech-innosoft.com\/index.php\/project\/gescom\/\">Gescom<\/a><\/h4>\n                                            <div class=\"category\">Projet web<\/div>\n                                        <\/div>\n                                    <\/div>\n                                <\/div>\n                            <\/figure>\n                        <\/div>\n                    <\/div>\n                    \t\t\t\t\t<!-- Project Block Three -->\n                    <div class=\"project-block-three masonry-item col-lg-4 col-md-6 col-sm-12\">\n                        <div class=\"inner-box\">\n                            <figure class=\"image-box\">\n                                <img loading=\"lazy\" decoding=\"async\" width=\"370\" height=\"270\" src=\"https:\/\/www.tech-innosoft.com\/wp-content\/uploads\/2022\/04\/MUTUELLE-370x270.jpeg\" class=\"attachment-nitech_370x270 size-nitech_370x270 wp-post-image\" alt=\"\" \/>                                <div class=\"overlay-content\">\n                                    <div class=\"content-inner\">\n                                        <h5>mutuellesSoft<\/h5>\n                                        <div class=\"designation\">Projet web<\/div>\n                                        <div class=\"plus fa fa-plus\"><\/div>\n                                    <\/div>\n                                <\/div>\n                                <!-- Overlay Box -->\n                                <div class=\"overlay-box\">\n                                    <div class=\"overlay-inner\">\n                                        <div class=\"content\">\n                                            <a href=\"https:\/\/www.tech-innosoft.com\/index.php\/project\/mutuellessoft\/\" class=\"link\"><span class=\"icon flaticon-link\"><\/span><\/a>\n                                            <h4><a href=\"https:\/\/www.tech-innosoft.com\/index.php\/project\/mutuellessoft\/\">mutuellesSoft<\/a><\/h4>\n                                            <div class=\"category\">Projet web<\/div>\n                                        <\/div>\n                                    <\/div>\n                                <\/div>\n                            <\/figure>\n                        <\/div>\n                    <\/div>\n                                    <\/div>\n                                <!-- Lower Text -->\n                <div class=\"lower-text text-center\">\n                    <div class=\"text\">Si vous \u00eates int\u00e9ress\u00e9s par l'un des projets, merci de nous contacter via nos diff\u00e9rents contacts.<\/div>\n                <\/div>\n                            <\/div>\n        <\/section>\n        <!-- End Projects Section Two -->\n            \n       \t\t<\/div>\n\t\t\t\t<\/div>\n\t\t\t\t\t<\/div>\n\t\t<\/div>\n\t\t\t\t\t\t\t<\/div>\n\t\t<\/section>\n\t\t\t\t\t\t\t<\/div>\n\t\t","protected":false},"excerpt":{"rendered":"<p>Nos projets Les diff\u00e9rents projets web r\u00e9alis\u00e9s par Tech-innoSoft SARL EasySchool Projet web EasySchool Projet web Academia Projet web Academia Projet web Stockcheck Projet web Stockcheck Projet web HotelManager Projet web HotelManager Projet web Gescom Projet web Gescom Projet web mutuellesSoft Projet web mutuellesSoft Projet web Si vous \u00eates int\u00e9ress\u00e9s par l&#8217;un des projets, merci [&hellip;]<\/p>\n","protected":false},"author":1,"featured_media":0,"parent":0,"menu_order":0,"comment_status":"closed","ping_status":"closed","template":"tpl-default-elementor.php","meta":{"footnotes":""},"class_list":["post-414","page","type-page","status-publish","hentry"],"_links":{"self":[{"href":"https:\/\/www.tech-innosoft.com\/index.php\/wp-json\/wp\/v2\/pages\/414","targetHints":{"allow":["GET"]}}],"collection":[{"href":"https:\/\/www.tech-innosoft.com\/index.php\/wp-json\/wp\/v2\/pages"}],"about":[{"href":"https:\/\/www.tech-innosoft.com\/index.php\/wp-json\/wp\/v2\/types\/page"}],"author":[{"embeddable":true,"href":"https:\/\/www.tech-innosoft.com\/index.php\/wp-json\/wp\/v2\/users\/1"}],"replies":[{"embeddable":true,"href":"https:\/\/www.tech-innosoft.com\/index.php\/wp-json\/wp\/v2\/comments?post=414"}],"version-history":[{"count":23,"href":"https:\/\/www.tech-innosoft.com\/index.php\/wp-json\/wp\/v2\/pages\/414\/revisions"}],"predecessor-version":[{"id":1927,"href":"https:\/\/www.tech-innosoft.com\/index.php\/wp-json\/wp\/v2\/pages\/414\/revisions\/1927"}],"wp:attachment":[{"href":"https:\/\/www.tech-innosoft.com\/index.php\/wp-json\/wp\/v2\/media?parent=414"}],"curies":[{"name":"wp","href":"https:\/\/api.w.org\/{rel}","templated":true}]}}